3/2*(p - (-15)/(-3))?
3
What is the units digit of 3/(-2*((-55)/9830)/11)?
9
Let y = -8797 + 16568. What is the thousands digit of y?
7
Let g(v) = 23*v + 3. Let o = 45 + -15. Let j be (2/(-5))/((-6)/o). What is the units digit of g(j)?
9
Suppose -86*n = -192*n + 94*n + 130548. What is the tens digit of n?
7
Let r be 646/136 + (-3)/4. Suppose -2*c + 4*v = -400, -4*v + 432 = r*c - 404. What is the hundreds digit of c?
2
Let n(m) = 491*m - 2838. What is the hundreds digit of n(11)?
5
Suppose 2*t = 3*c + 23, -4*t + 4*c + 33 = -23. Let x = -26 + t. What is the units digit of 2/x - (-1077)/21?
1
Let h = 12967 - 8535. What is the thousands digit of h?
4
Let z be (287 - 5)*(8 - 1 - -1). Suppose -5*k = 5*a - 8*a + 2248, -5*k = -a + z. What is the units digit of -3 + 3 + k/(-4)?
3
Let m(v) = v**2 - 63*v - 805. Let t be m(-16). Let h(g) = -2*g**3 - 5*g**2 - g + 3. Let u be h(-3). Suppose 0 = -u*d + 6*d + t. What is the tens digit of d?
5
Let a(r) = 816*r**3 - 5*r**2 + 7*r - 1. What is the hundreds digit of a(1)?
8
Let q be 4586/14 - 5 - 6/(-14). Suppose -k - 5*b + 145 = 0, -k = -2*b - 39 - 141. Let i = q - k. What is the tens digit of i?
5
Let m be (-36657)/(-57) - 2*(-1)/(-19). Let a = -342 + m. What is the units digit of a?
1
Let k be (320/(-3))/(1*4/(-60)). Suppose 4*q + 232 - k = 0. What is the units digit of q?
2
Suppose -9*z + 3*z + 900 = 0. Let x be (-1)/4*2 - (-595)/14. Suppose m - z = -x. What is the hundreds digit of m?
1
Suppose 0 = 5*y + 2*s - 39233, 68*y + 4*s - 23523 = 65*y. What is the tens digit of y?
4
Suppose -3*z - 4*x - 227 = 0, -x = 3*z - 26 + 238. Let t = z - -71. Suppose -t*m - 4*m = -996. What is the tens digit of m?
6
Let n(d) = 12*d**2 + 808*d + 19. What is the tens digit of n(-77)?
5
Suppose 6*s + 199 = -941. Let g = s + 343. What is the units digit of g?
3
Let i(q) = -1332*q - 1508. What is the hundreds digit of i(-3)?
4
Let k(p) = 3*p**3 - 28*p**2 + 97*p - 107. What is the hundreds digit of k(17)?
1
What is the thousands digit of 11 + (-435776)/(-121) - 6/(-11)?
3
Suppose 0*p + p - 69 = 2*y, -3*y - 107 = 2*p. What is the hundreds digit of (2 + 1001/y)*-35?
9
Let b = 19517 - 13547. What is the units digit of b?
0
Suppose 3*g + 4*z = 51609, -3*z + 68826 = 159*g - 155*g. What is the hundreds digit of g?
2
Suppose -133*m = -144*m + 510760 + 65750. What is the hundreds digit of m?
4
Let v(x) = -2*x**2 - 5*x + 5. Suppose -2*m + 0 = 6. Let r be v(m). Suppose -3*f + 90 = -r*w, -3*f + 0*w = 3*w - 90. What is the units digit of f?
0
Let s be 212/(-4 - 50/(-15)). Let x = 546 + s. What is the tens digit of x?
2
Suppose 4*o + 22 = 5*i - 37, -3*i + 3*o = -39. Let j(q) = -7*q**2 - 4*q + 17. Let w(u) = -u**2 - u. Let h(d) = -j(d) + 5*w(d). What is the tens digit of h(i)?
7
Suppose v + v = 5*v. Suppose v = -6*o + 104 - 32. Suppose 3*u = -5*t + o, 0 = 2*t - 5*t. What is the units digit of u?
4
Suppose 1963 - 443 = j. Suppose -5*l + 1075 = -j. What is the hundreds digit of l?
5
What is the ten thousands digit of (-10)/4*((-80)/70 + (-3914412)/210)?
4
Suppose -2*i - 4*n = 94, -4*n + 28 = -i - 1. Let y = -37 - i. Suppose -5*q + 0*t + 391 = -2*t, q = y*t + 71. What is the tens digit of q?
7
Suppose 2*b - 10 = -q, -2*b + 0*b = 3*q - 22. What is the tens digit of q + (-68)/11 - (-7880)/22?
5
Let k = -824 + 15818. What is the thousands digit of k?
4
What is the tens digit of ((-576940)/21)/(-4 - (-110)/30)?
2
Suppose 12*j = 32807 + 95845. What is the thousands digit of j?
0
Let j(w) = w**2 - 2 - 619*w + 629*w + 2. Let u be j(-10). Suppose -15*d + 12*d + 48 = u. What is the units digit of d?
6
Let p(j) = 47*j**2 - 317*j - 8. What is the tens digit of p(11)?
9
Suppose -f + 79912 = 4*j, f + 33969 = j + 13996. What is the tens digit of j?
7
Suppose 2*f + f + 786 = 0. Let y = -857 - -1311. Let x = f + y. What is the units digit of x?
2
Let d(j) = 27618*j**2 + 186*j + 185. What is the hundreds digit of d(-1)?
6
What is the tens digit of (1325541/(-2212))/(-1 + (-10)/(-16))?
9
Let j = 10 - 8. Suppose j*k - 3*b - 582 = 0, -11*b - 8 = -7*b. What is the tens digit of k?
8
Let k = 167 + -164. Suppose -1610 = -4*q + k*f, 0*q + 2*q - 816 = -4*f. What is the units digit of q?
4
Let o = 929 - 389. Suppose -w = -3*i + 7*i - 148, -4*w + o = 3*i. What is the units digit of w?
2
Suppose -8 = 3*s - 11. Let l be 0*-1*s/(-1). Suppose -2*z + l*z = -14. What is the units digit of z?
7
What is the hundreds digit of 13738/(-10)*-5 + 9?
8
Let y = 614 + -560. Suppose -5*d = -5*g, -3*g = -0*d - 4*d. Suppose g = -a + y + 8. What is the tens digit of a?
6
Let d(b) = 93*b**2 + 22*b - 188. What is the tens digit of d(9)?
4
Let s(w) = -w**3 - 12*w**2 + 11*w - 16. Let y be 2/(-1*1/4*2). Let t be 26*(-2)/4*(y - -5). What is the units digit of s(t)?
0
Let j be (10 - 9) + (-1 - -5). Let m be 3/j + 185/25. Suppose -1 = -t, -s - 4*t + m = 3. What is the units digit of s?
1
What is the hundreds digit of (-2003)/(-4) - (-16 - -23)/(-28)?
5
Suppose -45*u + 83*u = 283024. What is the thousands digit of u?
7
Suppose 0*n + n + 10 = 0. Let j(i) = 30*i + 153 - 166 + 2*i**2 - 12*i. What is the units digit of j(n)?
7
Suppose 5*n = 22 - 7. Let a be 2 - 192/(n - 0). What is the tens digit of (-4 - a) + 1 + 0?
5
Let y(n) = -38*n - 65. Let f be ((-16)/12)/(4/42). What is the units digit of y(f)?
7
Let s = -78810 + 115596. What is the thousands digit of s?
6
What is the hundreds digit of (6 + (-6690)/(-40) + -13)/(2/488)?
1
Let i = -8 - -6. Let l = 4197 + -4195. What is the hundreds digit of i*(l - 72)*(1 - 0)?
1
Let c(y) = 145*y + 23. Let u be (3/1 + -4)/((-4)/8). What is the units digit of c(u)?
3
Let v = -1406 + 2240. Suppose v = 10*r - 8*r. What is the hundreds digit of r?
4
Suppose -240 = 43*p - 13*p. Let i(r) = -45*r - 61. What is the units digit of i(p)?
9
Let x(l) = -8*l + 53. Suppose -5*w - 8*w + 195 = 0. Suppose -4*s - w = -5*g, 4*s - g = -2 - 1. What is the tens digit of x(s)?
5
Suppose 0 = -5*j - 3*p + p + 17356, -5*p - 10395 = -3*j. Suppose -38*h - 2*q = -34*h - 6970, -2*h + 2*q + j = 0. What is the tens digit of h?
4
What is the thousands digit of (-33)/(-99)*(0 - -52209)?
7
Let j(o) = 18267*o + 23. Let a be j(-4). What is the units digit of a/(-105) - (7/(-3) - -1)?
7
Suppose -21564 = -60*i + 48*i. Suppose 18*h = 3837 + i. What is the units digit of h?
3
Let c(k) = 3108*k - 8931. What is the tens digit of c(16)?
9
Suppose 0 = -3*m - 5*y + 27184, -47*y - 36280 = -4*m - 45*y. What is the thousands digit of m?
9
What is the units digit of (184036/(-2979))/(2/(-18))?
6
Let k(x) = x**2 - 189*x + 159. What is the thousands digit of k(-135)?
3
Suppose -5*k - 5117 = q - 22997, 2*k = -q + 7152. Let t = -1967 + k. What is the units digit of t?
9
Let w(m) = -148*m**3 - m. Suppose 0 = -3*n - 11 + 14. Let l be w(n). What is the tens digit of (-2)/4*2*l?
4
Let m(v) be the first derivative of -v**3/3 + 3*v**2/2 + 307*v + 59. What is the hundreds digit of m(0)?
3
Let s(p) = -p**2 + 12*p - 36. Let i be s(5). Let n(w) = -5*w**2 - 193*w**3 + 4*w**2 + 5*w + 2*w**2 + 3. What is the hundreds digit of n(i)?
1
Let u be (-9)/6*(-2300)/15. Let q = -21 + u. What is the units digit of q?
9
Let q(t) = 3*t**3 - 8*t**2 - t. Let x(f) = 2*f**3 - 7*f**2 - f. Let b(c) = -5*q(c) + 6*x(c). Let s be (-4)/6*3/2. What is the units digit of b(s)?
2
Let c(q) = 3*q + 11. Let k(p) = -3*p + 10. Let l be k(5). Let a be c(l). What is the tens digit of (-2808)/(-135) - (-1 + a/(-5))?
2
Let r be 32/(-3) + 2/3. Let d be (-46)/r + 3/(-5). What is the tens digit of (-9 + -4)*(-68)/d?
2
Suppose -3*m + r + 17 = 0, 2*m - 4*m = -5*r - 7. Suppose 3*z + 4*d = 25, 4*d - m = -z + 13. Suppose -z*c = 3, c + 95 = -4*j + 446. What is the units digit of j?
8
Let w be (-117)/2*(13 + (-37)/3). Let g = -19 - 205. Let u = w - g. What is the tens digit of u?
8
Suppose 5*b - 3*o - 351276 = 0, 189*b + 5*o - 140498 = 187*b. What is the ten thousands digit of b?
7
Let p = 32007 + -17376. What is the hundreds digit of p?
6
Let n(y) be the second derivative of 5*y**3/6 + 33*y**2 + 86*y. What is the tens digit of n(28)?
0
Suppose 3*m = -m - 5*r + 108, -2*m = r - 48. Suppose -34598 = -m*u + 3440. What is the thousands digit of u?
1
Let x(b) = 3439*b**2 + 43*b - 143. What is the thousands digit of x(3)?
0
Suppose 3*r - 2*q - 70598 - 19262 = 0, 59910 = 2*r + 2*q.